{"id":177,"date":"2021-08-04T23:13:49","date_gmt":"2021-08-04T21:13:49","guid":{"rendered":"http:\/\/cj-terrassement.com\/?page_id=177"},"modified":"2021-08-16T17:50:25","modified_gmt":"2021-08-16T15:50:25","slug":"nos-services-2","status":"publish","type":"page","link":"http:\/\/cj-terrassement.com\/index.php\/nos-services-2\/","title":{"rendered":"Nos services"},"content":{"rendered":"\n<div style=\"height:80px\" aria-hidden=\"true\" class=\"wp-block-spacer\"><\/div>\n\n\n\n<div style=\"height:20px\" aria-hidden=\"true\" class=\"wp-block-spacer\"><\/div>\n\n\n\n<hr class=\"wp-block-separator is-style-wide\"\/>\n\n\n\n<div class=\"wp-block-columns is-layout-flex wp-container-core-columns-is-layout-1 wp-block-columns-is-layout-flex\">\n<div class=\"wp-block-column is-layout-flow wp-block-column-is-layout-flow\">\n<figure class=\"wp-block-image size-large\"><a href=\"http:\/\/cj-terrassement.com\/index.php\/terrassement\/\"><img loading=\"lazy\" decoding=\"async\" width=\"600\" height=\"600\" src=\"http:\/\/cj-terrassement.com\/wp-content\/uploads\/2021\/08\/CJ-Terrassement-Pelleteuse.jpg\" alt=\"\" class=\"wp-image-179\" srcset=\"http:\/\/cj-terrassement.com\/wp-content\/uploads\/2021\/08\/CJ-Terrassement-Pelleteuse.jpg 600w, http:\/\/cj-terrassement.com\/wp-content\/uploads\/2021\/08\/CJ-Terrassement-Pelleteuse-300x300.jpg 300w, http:\/\/cj-terrassement.com\/wp-content\/uploads\/2021\/08\/CJ-Terrassement-Pelleteuse-150x150.jpg 150w\" sizes=\"auto, (max-width: 600px) 100vw, 600px\" \/><\/a><\/figure>\n\n\n\n<h2 class=\"has-text-align-center wp-block-heading\"><a href=\"http:\/\/cj-terrassement.com\/index.php\/terrassement\/\">Terrassement<\/a><\/h2>\n\n\n\n<p class=\"has-text-align-center\">Pour les particuliers ou en partenariat avec des entreprises comme des promoteurs immobiliers, nous r\u00e9alisons tout type de terrassement : Fondation, piscine, \u00e9vacuation de terre, pose de r\u00e9seau, puits&#8230;<\/p>\n\n\n\n<div style=\"height:20px\" aria-hidden=\"true\" class=\"wp-block-spacer\"><\/div>\n<\/div>\n\n\n\n<div class=\"wp-block-column is-layout-flow wp-block-column-is-layout-flow\">\n<figure class=\"wp-block-image size-large\"><a href=\"http:\/\/cj-terrassement.com\/index.php\/amenagement\/\"><img loading=\"lazy\" decoding=\"async\" width=\"600\" height=\"600\" src=\"http:\/\/cj-terrassement.com\/wp-content\/uploads\/2021\/08\/CJ-Terrassement-Amenagement-Escalier-Graviers.jpg\" alt=\"\" class=\"wp-image-180\" srcset=\"http:\/\/cj-terrassement.com\/wp-content\/uploads\/2021\/08\/CJ-Terrassement-Amenagement-Escalier-Graviers.jpg 600w, http:\/\/cj-terrassement.com\/wp-content\/uploads\/2021\/08\/CJ-Terrassement-Amenagement-Escalier-Graviers-300x300.jpg 300w, http:\/\/cj-terrassement.com\/wp-content\/uploads\/2021\/08\/CJ-Terrassement-Amenagement-Escalier-Graviers-150x150.jpg 150w\" sizes=\"auto, (max-width: 600px) 100vw, 600px\" \/><\/a><\/figure>\n\n\n\n<h2 class=\"has-text-align-center wp-block-heading\"><a href=\"http:\/\/cj-terrassement.com\/index.php\/amenagement\/\">Am\u00e9nagement<\/a><\/h2>\n\n\n\n<p class=\"has-text-align-center\">CJ Terrassement &amp; Am\u00e9nagement r\u00e9alise l&rsquo;am\u00e9nagement de vos ext\u00e9rieurs sur mesure. Pavage, dallage, mur, mur de sout\u00e8nement, cl\u00f4ture, am\u00e9nagement de piscine, toutes vos demandes sont \u00e9tudi\u00e9es pour satisfaire vos envies.<\/p>\n\n\n\n<div style=\"height:20px\" aria-hidden=\"true\" class=\"wp-block-spacer\"><\/div>\n<\/div>\n<\/div>\n\n\n\n<div class=\"wp-block-columns is-layout-flex wp-container-core-columns-is-layout-2 wp-block-columns-is-layout-flex\">\n<div class=\"wp-block-column is-layout-flow wp-block-column-is-layout-flow\">\n<figure class=\"wp-block-image size-large is-resized\"><a href=\"http:\/\/cj-terrassement.com\/index.php\/piscines\/\"><img loading=\"lazy\" decoding=\"async\" src=\"http:\/\/cj-terrassement.com\/wp-content\/uploads\/2021\/08\/CJ-Terrassement-piscine-debordement-Moselle.jpg\" alt=\"\" class=\"wp-image-178\" width=\"1170\" height=\"317\" srcset=\"http:\/\/cj-terrassement.com\/wp-content\/uploads\/2021\/08\/CJ-Terrassement-piscine-debordement-Moselle.jpg 850w, http:\/\/cj-terrassement.com\/wp-content\/uploads\/2021\/08\/CJ-Terrassement-piscine-debordement-Moselle-300x82.jpg 300w, http:\/\/cj-terrassement.com\/wp-content\/uploads\/2021\/08\/CJ-Terrassement-piscine-debordement-Moselle-768x209.jpg 768w\" sizes=\"auto, (max-width: 1170px) 100vw, 1170px\" \/><\/a><\/figure>\n\n\n\n<h2 class=\"has-text-align-center wp-block-heading\"><a href=\"http:\/\/cj-terrassement.com\/index.php\/piscines\/\">Piscines<\/a><\/h2>\n\n\n\n<p class=\"has-text-align-center\">CJ Terrassement &amp; Am\u00e9nagement r\u00e9alise la pose de piscine coque ou ma\u00e7onn\u00e9e en partenariat avec les meilleurs entrepreneurs en ma\u00e7onnerie de la r\u00e9gion.<\/p>\n\n\n\n<div style=\"height:20px\" aria-hidden=\"true\" class=\"wp-block-spacer\"><\/div>\n<\/div>\n<\/div>\n\n\n\n<div class=\"wp-block-columns is-layout-flex wp-container-core-columns-is-layout-3 wp-block-columns-is-layout-flex\">\n<div class=\"wp-block-column is-layout-flow wp-block-column-is-layout-flow\">\n<figure class=\"wp-block-image size-large\"><a href=\"http:\/\/cj-terrassement.com\/index.php\/deneigement-salage\/\"><img loading=\"lazy\" decoding=\"async\" width=\"600\" height=\"600\" src=\"http:\/\/cj-terrassement.com\/wp-content\/uploads\/2021\/08\/CJ-Terrassement-Deneigeuse.jpg\" alt=\"\" class=\"wp-image-183\" srcset=\"http:\/\/cj-terrassement.com\/wp-content\/uploads\/2021\/08\/CJ-Terrassement-Deneigeuse.jpg 600w, http:\/\/cj-terrassement.com\/wp-content\/uploads\/2021\/08\/CJ-Terrassement-Deneigeuse-300x300.jpg 300w, http:\/\/cj-terrassement.com\/wp-content\/uploads\/2021\/08\/CJ-Terrassement-Deneigeuse-150x150.jpg 150w\" sizes=\"auto, (max-width: 600px) 100vw, 600px\" \/><\/a><\/figure>\n\n\n\n<h2 class=\"has-text-align-center wp-block-heading\"><a href=\"http:\/\/cj-terrassement.com\/index.php\/deneigement-salage\/\">D\u00e9neigement &amp; salage<\/a><\/h2>\n\n\n\n<p class=\"has-text-align-center\">Nous effectuons le d\u00e9neigement ou le salage de route et parking que se soit pour le particulier, les entreprises ou les communes.<\/p>\n\n\n\n<div style=\"height:20px\" aria-hidden=\"true\" class=\"wp-block-spacer\"><\/div>\n<\/div>\n\n\n\n<div class=\"wp-block-column is-layout-flow wp-block-column-is-layout-flow\">\n<figure class=\"wp-block-image size-large\"><a href=\"http:\/\/cj-terrassement.com\/index.php\/materiel\/\"><img loading=\"lazy\" decoding=\"async\" width=\"600\" height=\"600\" src=\"http:\/\/cj-terrassement.com\/wp-content\/uploads\/2021\/08\/CJ-Terrassement-Materiel-top-niveau.jpg\" alt=\"\" class=\"wp-image-184\" srcset=\"http:\/\/cj-terrassement.com\/wp-content\/uploads\/2021\/08\/CJ-Terrassement-Materiel-top-niveau.jpg 600w, http:\/\/cj-terrassement.com\/wp-content\/uploads\/2021\/08\/CJ-Terrassement-Materiel-top-niveau-300x300.jpg 300w, http:\/\/cj-terrassement.com\/wp-content\/uploads\/2021\/08\/CJ-Terrassement-Materiel-top-niveau-150x150.jpg 150w\" sizes=\"auto, (max-width: 600px) 100vw, 600px\" \/><\/a><\/figure>\n\n\n\n<h2 class=\"has-text-align-center wp-block-heading\"><a href=\"http:\/\/cj-terrassement.com\/index.php\/materiel\/\">Notre mat\u00e9riel<\/a><\/h2>\n\n\n\n<p class=\"has-text-align-center\">CJ Terrassement &amp; Am\u00e9nagement dispose de mat\u00e9riel r\u00e9cent et de qualit\u00e9 pour travailler dans les meilleures conditions et ainsi effectuer un travail efficace et soign\u00e9.<\/p>\n\n\n\n<div style=\"height:20px\" aria-hidden=\"true\" class=\"wp-block-spacer\"><\/div>\n<\/div>\n<\/div>\n\n\n\n<div style=\"height:80px\" aria-hidden=\"true\" class=\"wp-block-spacer\"><\/div>\n\n\n\n<div class=\"wp-block-columns is-layout-flex wp-container-core-columns-is-layout-4 wp-block-columns-is-layout-flex\">\n<div class=\"wp-block-column is-layout-flow wp-block-column-is-layout-flow\">\n<div class=\"wp-block-cover alignfull has-nv-dark-bg-background-color has-background-dim\" style=\"min-height:300px;aspect-ratio:unset;\"><div class=\"wp-block-cover__inner-container is-layout-flow wp-block-cover-is-layout-flow\">\n<div style=\"height:140px\" aria-hidden=\"true\" class=\"wp-block-spacer\"><\/div>\n\n\n\n<h2 class=\"has-text-align-center has-nv-text-dark-bg-color has-text-color wp-block-heading\">Parlez-nous de votre projet<\/h2>\n\n\n\n<p class=\"has-text-align-center has-medium-font-size\">Nous sommes \u00e0 votre disposition pour de plus amples renseignements, n\u2019h\u00e9sitez pas \u00e0 nous contacter pour cr\u00e9er ensemble votre futur projet.<\/p>\n\n\n\n<div class=\"wp-block-buttons is-content-justification-center is-layout-flex wp-block-buttons-is-layout-flex\">\n<div class=\"wp-block-button is-style-primary\"><a class=\"wp-block-button__link\" href=\"http:\/\/cj-terrassement.com\/?pagename=contact\" target=\"_blank\" rel=\"noreferrer noopener\">contactez-nous<\/a><\/div>\n<\/div>\n\n\n\n<div style=\"height:140px\" aria-hidden=\"true\" class=\"wp-block-spacer\"><\/div>\n<\/div><\/div>\n<\/div>\n<\/div>\n","protected":false},"excerpt":{"rendered":"<p>Terrassement Pour les particuliers ou en partenariat avec des entreprises comme des promoteurs immobiliers, nous r\u00e9alisons tout type de terrassement : Fondation, piscine, \u00e9vacuation de terre, pose de r\u00e9seau, puits&#8230; Am\u00e9nagement CJ Terrassement &amp; Am\u00e9nagement r\u00e9alise l&rsquo;am\u00e9nagement de vos ext\u00e9rieurs sur mesure. Pavage, dallage, mur, mur de sout\u00e8nement, cl\u00f4ture, am\u00e9nagement de piscine, toutes vos demandes&hellip;&nbsp;<a href=\"http:\/\/cj-terrassement.com\/index.php\/nos-services-2\/\" rel=\"bookmark\">Lire la suite &raquo;<span class=\"screen-reader-text\">Nos services<\/span><\/a><\/p>\n","protected":false},"author":1,"featured_media":0,"parent":0,"menu_order":0,"comment_status":"closed","ping_status":"closed","template":"","meta":{"neve_meta_sidebar":"full-width","neve_meta_container":"contained","neve_meta_enable_content_width":"on","neve_meta_content_width":100,"neve_meta_title_alignment":"","neve_meta_author_avatar":"","neve_post_elements_order":"","neve_meta_disable_header":"","neve_meta_disable_footer":"","neve_meta_disable_title":"on","footnotes":""},"class_list":["post-177","page","type-page","status-publish","hentry"],"_links":{"self":[{"href":"http:\/\/cj-terrassement.com\/index.php\/wp-json\/wp\/v2\/pages\/177","targetHints":{"allow":["GET"]}}],"collection":[{"href":"http:\/\/cj-terrassement.com\/index.php\/wp-json\/wp\/v2\/pages"}],"about":[{"href":"http:\/\/cj-terrassement.com\/index.php\/wp-json\/wp\/v2\/types\/page"}],"author":[{"embeddable":true,"href":"http:\/\/cj-terrassement.com\/index.php\/wp-json\/wp\/v2\/users\/1"}],"replies":[{"embeddable":true,"href":"http:\/\/cj-terrassement.com\/index.php\/wp-json\/wp\/v2\/comments?post=177"}],"version-history":[{"count":20,"href":"http:\/\/cj-terrassement.com\/index.php\/wp-json\/wp\/v2\/pages\/177\/revisions"}],"predecessor-version":[{"id":290,"href":"http:\/\/cj-terrassement.com\/index.php\/wp-json\/wp\/v2\/pages\/177\/revisions\/290"}],"wp:attachment":[{"href":"http:\/\/cj-terrassement.com\/index.php\/wp-json\/wp\/v2\/media?parent=177"}],"curies":[{"name":"wp","href":"https:\/\/api.w.org\/{rel}","templated":true}]}}